are the prime factors of 17938586?
2, 8969293
What are the prime factors of 449595058?
2, 11, 67, 305017
What are the prime factors of 916508177?
13, 251, 280879
List the prime factors of 17444798.
2, 7, 1246057
List the prime factors of 3492588797.
19, 67, 2743589
What are the prime factors of 440052678?
2, 3, 13, 144659
What are the prime factors of 5572068219?
3, 149, 223, 6211
List the prime factors of 1718163500.
2, 5, 3436327
What are the prime factors of 420179687?
420179687
What are the prime factors of 279796317?
3, 93265439
What are the prime factors of 72063751?
19, 107, 35447
List the prime factors of 468398204.
2, 613, 191027
What are the prime factors of 70301187?
3, 11, 701, 1013
List the prime factors of 286180818.
2, 3, 7, 11, 79, 7841
What are the prime factors of 2407044057?
3, 11, 109, 669181
What are the prime factors of 12175937?
163, 74699
What are the prime factors of 2629219561?
67, 39242083
List the prime factors of 38488419.
3, 1425497
What are the prime factors of 30781650?
2, 3, 5, 205211
What are the prime factors of 4542401636?
2, 5309, 213901
What are the prime factors of 25605314?
2, 7, 107, 17093
List the prime factors of 726595162.
2, 23, 15795547
List the prime factors of 270489524.
2, 643, 105167
What are the prime factors of 202473508?
2, 23, 2200799
List the prime factors of 1970951240.
2, 5, 337, 146213
List the prime factors of 317470002.
2, 3, 17, 1627, 1913
List the prime factors of 45199570.
2, 5, 13, 37, 9397
List the prime factors of 78011643.
3, 41, 634241
What are the prime factors of 57032666?
2, 4373, 6521
List the prime factors of 1199026191.
3, 11, 3517, 10331
What are the prime factors of 1370015445?
3, 5, 5749, 15887
What are the prime factors of 27749534?
2, 43, 322669
What are the prime factors of 1552199217?
3, 517399739
List the prime factors of 1012352628.
2, 3, 7, 1051, 11467
List the prime factors of 3327598242.
2, 3, 184866569
List the prime factors of 216615211.
4733, 45767
List the prime factors of 27586570.
2, 5, 11, 250787
What are the prime factors of 115849704?
2, 3, 4827071
What are the prime factors of 5138084369?
11, 17, 971, 28297
What are the prime factors of 82589368?
2, 389, 26539
List the prime factors of 1862133938.
2, 7, 3259, 40813
What are the prime factors of 272973410?
2, 5, 67, 193, 2111
What are the prime factors of 59630343?
3, 449, 44269
What are the prime factors of 1953151868?
2, 499, 523, 1871
List the prime factors of 8610536.
2, 11, 97847
What are the prime factors of 505597792?
2, 7, 1009, 2237
What are the prime factors of 954974225?
5, 863, 44263
List the prime factors of 216637115.
5, 23, 773, 2437
What are the prime factors of 40091304?
2, 3, 11, 17, 8933
List the prime factors of 1474253249.
7, 30086801
What are the prime factors of 61968983?
47, 1318489
List the prime factors of 14699233.
103, 142711
List the prime factors of 154993219.
154993219
What are the prime factors of 724551437?
31, 131, 178417
What are the prime factors of 48344851?
53, 912167
What are the prime factors of 2491919744?
2, 67, 223, 1303
What are the prime factors of 838192350?
2, 3, 5, 53, 59, 1787
What are the prime factors of 229660481?
2029, 113189
What are the prime factors of 2180610023?
43, 50711861
What are the prime factors of 3465945919?
3465945919
List the prime factors of 61230080.
2, 5, 11959
List the prime factors of 737941643.
883, 835721
What are the prime factors of 3801945775?
5, 152077831
What are the prime factors of 12339234?
2, 3, 685513
What are the prime factors of 28415671?
1783, 15937
List the prime factors of 100219225.
5, 4008769
What are the prime factors of 5752179442?
2, 79, 347, 104917
List the prime factors of 42222128.
2, 13, 41, 4951
List the prime factors of 6623865051.
3, 2447, 902311
List the prime factors of 11776078.
2, 5888039
List the prime factors of 664997432.
2, 11, 17, 444517
List the prime factors of 281064601.
353, 796217
List the prime factors of 212101226.
2, 113, 463, 2027
List the prime factors of 494184443.
16411, 30113
What are the prime factors of 334440968?
2, 41805121
List the prime factors of 31023439.
59, 149, 3529
List the prime factors of 46825776.
2, 3, 36131
What are the prime factors of 507804123?
3, 29, 5836829
What are the prime factors of 35971922?
2, 7, 2569423
What are the prime factors of 87178766?
2, 569, 76607
List the prime factors of 46487693.
7, 31, 59, 3631
List the prime factors of 70260771.
3, 7, 947, 3533
What are the prime factors of 111917232?
2, 3, 7, 111029
List the prime factors of 49356935.
5, 521, 18947
List the prime factors of 38949704.
2, 307, 15859
What are the prime factors of 768505927?
7, 17, 41, 157513
List the prime factors of 440262540.
2, 3, 5, 157, 577
List the prime factors of 35994062.
2, 13, 1384387
What are the prime factors of 59828090?
2, 5, 7, 647, 1321
What are the prime factors of 273375095?
5, 7, 7810717
What are the prime factors of 275435875?
5, 11, 13, 19, 811
What are the prime factors of 280234429?
13933, 20113
What are the prime factors of 3250723081?
941, 3454541
What are the prime factors of 1629839867?
1629839867
List the prime factors of 31285718.
2, 727, 21517
What are the prime factors of 106112965?
5, 7, 3031799
List the prime factors of 787020836.
2, 7, 28107887
List the prime factors of 3041770811.
3181, 956231
What are the prime factors of 251634770?
2, 5, 25163477
What are the prime factors of 87141914?
2, 103, 423019
What are the prime factors of 47053517?
7, 719, 9349
What are the prime factors of 39074253?
3, 13024751
List the prime factors of 193051421.
193051421
What are the prime factors of 19321847?
19321847
What are the prime factors of 9303736?
2, 13, 89459
What are the prime factors of 89820045?
3, 5, 7, 313, 911
List the prime factors of 1007902397.
1007902397
List the prime factors of 4328646166.
2, 13, 166486391
What are the prime factors of 2808630251?
7, 29, 73, 189529
What are the prime factors of 81224702?
2, 13, 3124027
List the prime factors of 116013036.
2, 3, 31, 181, 1723
List the prime factors of 749275580.
2, 5, 31, 1013, 1193
What are the prime factors of 42673776?
2, 3, 889037
What are the prime factors of 29962280?
2, 5, 223, 3359
List the prime factors of 49082386.
2, 24541193
What are the prime factors of 79291491?
3, 47, 562351
List the prime factors of 467045496.
2, 3, 1103, 5881
What are the prime factors of 340716748?
2, 85179187
List the prime factors of 1796418671.
1796418671
What are the prime factors of 68214585?
3, 5, 223, 20393
What are the prime factors of 226136237?
199, 1136363
What are the prime factors of 516711433?
7, 6971, 10589
List the prime factors of 265525158.
2, 3, 6287, 7039
What are the prime factors of 165661726?
2, 61, 1357883
List the prime factors of 256017386.
2, 128008693
List the prime factors of 51778903.
11, 4707173
What are the prime factors of 348325798?
2, 174162899
What are the prime factors of 78618532?
2, 199, 283, 349
What are the prime factors of 15739434?
2, 3, 97157
What are the prime factors of 1119722201?
13, 31, 2778467
What are the prime factors of 813175951?
7, 991, 117223
List the prime factors of 221402464.
2, 6918827
List the prime factors of 531223111.
23, 89, 139, 1867
What are the prime factors of 35806192?
2, 97, 23071
What are the prime factors of 718305182?
2, 7, 17, 947, 3187
What are the prime factors of 944957494?
2, 13, 36344519
What are the prime factors of 52920856?
2, 131, 50497
What are the prime factors of 144635548?
2, 36158887
List the prime factors of 357272329.
357272329
What are the prime factors of 30319014?
2, 3, 11, 23, 19973
List the prime factors of 4256937827.
4256937827
List the prime factors of 4528280764.
2, 7, 8731, 18523
List the prime factors of 985688356.
2, 17, 14495417
What are the prime factors of 56577004?
2, 11, 1285841
What are the prime factors of 103699?
103699
What are the prime factors of 176642389?
7, 11, 2294057
What are the prime factors of 5202978590?
2, 5, 419, 1241761
List the prime factors of 382482296.
2, 7, 6830041
What are the prime factors of 1740510794?
2, 11, 79114127
What are the prime factors of 57276007?
3623, 15809
What are the prime factors of 107669440?
2, 5, 23, 14629
List the prime factors of 238568716.
2